hat is -13 - -483a9?
48396
In base 12, what is -52a + a?
-520
In base 10, what is 30493 + -8?
30485
In base 6, what is -24 - -1100?
1032
In base 9, what is -1 + -168622?
-168623
In base 12, what is 29037 + -4?
29033
In base 6, what is 214032 + 2?
214034
In base 11, what is 3 - -85586?
85589
In base 9, what is 300785 + -4?
300781
In base 16, what is -2cd + -169?
-436
In base 12, what is -564 + -4?
-568
In base 16, what is -4 - -1a?
16
In base 10, what is -5 - -21672?
21667
In base 10, what is 965333 + -3?
965330
In base 11, what is 4 - -137a2?
137a6
In base 9, what is 38 + 25433?
25472
In base 7, what is -14 - -524?
510
In base 11, what is 5 + 9328?
9332
In base 6, what is -1 + 14421314?
14421313
In base 15, what is 8 - -15ac2?
15aca
In base 11, what is -1067a - 2?
-10681
In base 12, what is 4534 + -11?
4523
In base 8, what is 317742 + 5?
317747
In base 8, what is -25714 - -31?
-25663
In base 3, what is 102221220 + 100?
102222020
In base 2, what is 100 - 100001110010001001101?
-100001110010001001001
In base 6, what is 245 + -532?
-243
In base 8, what is 354 + 2417?
2773
In base 14, what is 2b9 + -233?
86
In base 7, what is 33646636 - 3?
33646633
In base 16, what is -2 - -7736?
7734
In base 14, what is 4 - 249b1a?
-249b16
In base 4, what is -310203 - 210?
-311013
In base 6, what is -45 + -2230?
-2315
In base 11, what is -9 + -1007?
-1015
In base 16, what is 0 + -23e7?
-23e7
In base 5, what is -1 - 220311324?
-220311330
In base 7, what is -3 - 40162?
-40165
In base 14, what is 2252cc - 5?
2252c7
In base 13, what is -160 - 178?
-308
In base 11, what is 5 - -1746a?
17474
In base 11, what is -4 + -37719?
-37722
In base 7, what is -12302 + 1?
-12301
In base 13, what is -4 - 92852?
-92856
In base 15, what is -4ad5 + 8d?
-4a47
In base 11, what is 1a6a306 - 4?
1a6a302
In base 7, what is -40053 + 41?
-40012
In base 14, what is -b + -452?
-45d
In base 4, what is 121112 - -10002?
131120
In base 6, what is -1054101 - 151?
-1054252
In base 6, what is -203 - -4423?
4220
In base 8, what is -21627025 + 2?
-21627023
In base 5, what is -11 + 11322233?
11322222
In base 4, what is -3113 + 3221122?
3212003
In base 9, what is -21 - -10472?
10451
In base 7, what is 212 + 6454?
6666
In base 12, what is 83 + 163?
226
In base 12, what is -233b - b?
-234a
In base 2, what is 100011101010011111 - -101?
100011101010100100
In base 16, what is 188 + fd0?
1158
In base 6, what is 1 + -55511?
-55510
In base 3, what is 0 - -220121122?
220121122
In base 7, what is -1300 - 16614?
-21214
In base 15, what is 129 + 70a9?
71d3
In base 10, what is -5 - 3433?
-3438
In base 16, what is 66f - -94?
703
In base 16, what is -124c + a?
-1242
In base 16, what is 135e - -2?
1360
In base 9, what is -305184 - 4?
-305188
In base 3, what is -111100 + 2201100?
2020000
In base 9, what is 0 - 35722?
-35722
In base 6, what is -11030 - -3052?
-3534
In base 16, what is -4f - -b32?
ae3
In base 14, what is -352c + -9?
-3537
In base 6, what is 120420 - 12?
120404
In base 4, what is 1001000 - -10?
1001010
In base 16, what is 5 + -ad3ee?
-ad3e9
In base 4, what is -13231220323 - 0?
-13231220323
In base 6, what is -4251 + 531?
-3320
In base 13, what is -9b78 + -2b?
-9ba6
In base 5, what is 4443 - -110?
10103
In base 3, what is 2202 + -1001210?
-222001
In base 13, what is -16122 + 5?
-1611a
In base 14, what is 181a + -2?
1818
In base 6, what is -32 - 1112?
-1144
In base 16, what is -d5 + -23?
-f8
In base 3, what is -20220221 + -2?
-20221000
In base 15, what is -12 - 21d?
-230
In base 6, what is 14125 + -11?
14114
In base 16, what is -719 - -31?
-6e8
In base 13, what is -58 + 93?
38
In base 6, what is 0 + 30214032?
30214032
In base 16, what is 1e12 - 4?
1e0e
In base 12, what is 1644b - -16?
16465
In base 12, what is 229 - 330?
-103
In base 13, what is 11 + -382?
-371
In base 6, what is -315 + -2031?
-2350
In base 4, what is -10 - 1013301?
-1013311
In base 10, what is 64 + 21?
85
In base 13, what is 3 + a96?
a99
In base 5, what is -10 - 32142411?
-32142421
In base 11, what is 85 - -185?
25a
In base 9, what is 4 + -10255?
-10251
In base 13, what is -3 - -3ca9?
3ca6
In base 13, what is -6 + 1a90c?
1a906
In base 4, what is -123103 - -3020?
-120023
In base 12, what is 1 + -2a724?
-2a723
In base 8, what is 17660 + -7?
17651
In base 4, what is -10 + -23112?
-23122
In base 3, what is -10 + 121211021111?
121211021101
In base 2, what is -110000111101000010 + 110?
-110000111100111100
In base 14, what is -1 + 1054d?
1054c
In base 15, what is 604 - 13b?
4b8
In base 4, what is -103 - -23102003?
23101300
In base 2, what is -11000001011 + -111111?
-11001001010
In base 13, what is 1 + 109c4?
109c5
In base 15, what is 5 - -da8a4?
da8a9
In base 14, what is -18ad - -284?
-1629
In base 10, what is 156 + -37?
119
In base 5, what is 3322400 - -1?
3322401
In base 3, what is -110 - -220212210?
220212100
In base 14, what is -580d - 1c?
-582b
In base 11, what is 136 - -1125?
1260
In base 13, what is -1228 + 3a?
-11bb
In base 15, what is -221 + -11b?
-33c
In base 6, what is -2 - 1410?
-1412
In base 3, what is 11200222020 - -11?
11200222101
In base 12, what is 23399 - -1?
2339a
In base 4, what is -1 - -1213013?
1213012
In base 14, what is 0 + -1b25?
-1b25
In base 3, what is -221202012102 - 11?
-221202012120
In base 4, what is 133303213210 - 11?
133303213133
In base 14, what is 2c02 - -9?
2c0b
In base 12, what is 36a93 + -4?
36a8b
In base 5, what is -1 + 342243?
342242
In base 5, what is -41403 + 24?
-41324
In base 10, what is -4 - 4290?
-4294
In base 8, what is -4313 + -1?
-4314
In base 14, what is -144c + 7?
-1445
In base 16, what is 2f + -25c?
-22d
In base 9, what is -1358 - -1?
-1357
In base 14, what is -3 - -12b45b?
12b458
In base 13, what is -45 + a55?
a10
In base 8, what is -4 + 550273?
550267
In base 11, what is 1328 + 35?
1362
In base 16, what is -f121 + 1a?
-f107
In base 5, what is -210 + -4423414?
-4424124
In base 2, what is -11011101 + -11111001?
-111010110
In base 14, what is 6b + 717?
784
In base 13, what is 14268 - 26?
14242
In base 13, what is 50 + 18645?
18695
In base 15, what is -2b3 - -316?
53
In base 7, what is 2303 - -150?
2453
In base 9, what is 466 - 36?
430
In base 9, what is -14 - 52136?
-52151
In base 2, what is 110101111111111100 + 100?
110110000000000000
In base 10, what is -9964 - -4?
-9960
In base 11, what is 869 + 17?
885
In base 8, what is -1 - 62763?
-62764
In base 4, what is 1112023 - 3?
1112020
In base 15, what is -8de2a + 4?
-8de26
In base 7, what is -5 - -13011004?
13010666
In base 3, what is 220011100 + 0?
220011100
In base 5, what is -2422120 - -13?
-2422102
In base 6, what is 1 + 122005?
122010
In base 6, what is 3343 + 13411?
21154
In base 8, what is 47252767 + -4?
47252763
In base 11, what is -3 + -5359?
-5361
In base 5, what is 333 - 133013?
-132130
In base 3, what is 1000020220 + 11?
1000021001
In base 3, what is 20220 + 2000?
22220
In base 4, what is -11 - 2331311?
-2331322
In base 4, what is 10201 - -13001?
23202
In base 5, what is -13 + 1043202?
1043134
In base 13, what is a973 + 43?
a9b6
In base 13, what is 1870c - -3?
18712
In base 14, what is b + 2b3a0?
2b3ab
In base 3, what is 101 + 2012211021?
2012211122
In base 6, what is 40420 + 12?
40432
In base 5, what is -13441 - -1042?
-12344
In base 3, what is -1010212 + 1122201?
111212
In base 5, what is -1 - -110331?
110330
In base 7, what is -15666 - 12?
-16011
In base 13, what is 0 + 2a4b9?
2a4b9
In base 16, what is -f1c6 + 0?
-f1c6
In base 6, what is 2 - 514220?
-514214
In base 3, what is -11111 - -102?
-11002
In base 9, what is -354 + -1782?
-2246
In base 6, what is -5 - -153401?
153352
In base 12, what is -23211 - -46?
-23187
In base 13, what is -7c - 19a?
-249
In base 2, what is -1001 + -1001100101000?
-1001100110001
In base 6, what is 3225500 + -4?
3225452
In base 16, what is -6 + 5db?
5d5
In base 7, what is 0 + 11565?
11565
In base 3, what is -1001 + -22201122?
-22202200
In base 3, what is -101 - 110221020010?
-110221020111
In base 7, what is 21205 + -1325?
16550
In base 12, what is 285a2 - -5?
285a7
In base 8, what is 21442 + 602?
22244
In base 9, what is -171 - 287?
-468
In base 3, what is -2002 - 11020022?
-11022101
In base 10, what is 26 + -19523?
-19497
In base 8, what is 263206 - 4?
263202
In base 6, what is 420 - 2535?
-2115
In bas